{"id":90,"date":"2016-03-19T06:59:33","date_gmt":"2016-03-19T06:59:33","guid":{"rendered":"http:\/\/veribilgisayar.com\/web\/?post_type=product&#038;p=90"},"modified":"2017-02-25T09:59:27","modified_gmt":"2017-02-25T09:59:27","slug":"sam4s-ellix35-yuksek-hizli-termal-fis-yazici","status":"publish","type":"product","link":"https:\/\/www.veribilgisayar.com\/web\/urun\/sam4s-ellix35-yuksek-hizli-termal-fis-yazici\/","title":{"rendered":"SAM4S ELLIX35 Y\u00fcksek H\u0131zl\u0131 Termal Fi\u015f Yaz\u0131c\u0131"},"content":{"rendered":"","protected":false},"excerpt":{"rendered":"<ul>\n<li>H\u0131zl\u0131 Bask\u0131<\/li>\n<li>Renk Se\u00e7ene\u011fi (Siyah\/Beyaz)<\/li>\n<li>USB + LPT + ETHERNET<\/li>\n<li>Y\u00fcksek Sesli Dahili Buzzer (Melody Box)<\/li>\n<li>1&#215;108 Pulse, 150 Km Yazma + 1,500,000 Kesim Kapasitesi<\/li>\n<\/ul>\n","protected":false},"featured_media":92,"comment_status":"open","ping_status":"closed","template":"","meta":[],"_links":{"self":[{"href":"https:\/\/www.veribilgisayar.com\/web\/wp-json\/wp\/v2\/product\/90"}],"collection":[{"href":"https:\/\/www.veribilgisayar.com\/web\/wp-json\/wp\/v2\/product"}],"about":[{"href":"https:\/\/www.veribilgisayar.com\/web\/wp-json\/wp\/v2\/types\/product"}],"replies":[{"embeddable":true,"href":"https:\/\/www.veribilgisayar.com\/web\/wp-json\/wp\/v2\/comments?post=90"}],"wp:featuredmedia":[{"embeddable":true,"href":"https:\/\/www.veribilgisayar.com\/web\/wp-json\/wp\/v2\/media\/92"}],"wp:attachment":[{"href":"https:\/\/www.veribilgisayar.com\/web\/wp-json\/wp\/v2\/media?parent=90"}],"curies":[{"name":"wp","href":"https:\/\/api.w.org\/{rel}","templated":true}]}}