{"id":57,"date":"2016-03-17T07:33:15","date_gmt":"2016-03-17T07:33:15","guid":{"rendered":"http:\/\/veribilgisayar.com\/web\/?post_type=product&#038;p=57"},"modified":"2017-02-25T10:04:46","modified_gmt":"2017-02-25T10:04:46","slug":"tysso-prp300-yuksek-hizli-termal-fis-yazici","status":"publish","type":"product","link":"https:\/\/www.veribilgisayar.com\/web\/urun\/tysso-prp300-yuksek-hizli-termal-fis-yazici\/","title":{"rendered":"TYSSO PRP300 Y\u00fcksek H\u0131zl\u0131 Termal Fi\u015f Yaz\u0131c\u0131"},"content":{"rendered":"<p><strong>PRP300 Termal Yaz\u0131c\u0131\u00a0<\/strong><strong>\u00d6zellikleri Aras\u0131nda;<\/strong><\/p>\n<ul>\n<li>250 mm\/sec Y\u00fcksek h\u0131zda yazma<\/li>\n<li>ESC\/POS ve Star komut setleri ile uyumlu<\/li>\n<li>Paralel port, seri port, USB, LAN<\/li>\n<li>Opsiyonel (Wireless) deste\u011fi<\/li>\n<li>A\u011f ve mutfak yaz\u0131c\u0131 deste\u011fi<\/li>\n<li>Yazma ve hata alarm fonksiyonlar\u0131<\/li>\n<li>Y\u00fcksek h\u0131z s\u00fcr\u00fcc\u00fc modunda yazma<\/li>\n<li>Yaz\u0131c\u0131 kimlik do\u011frulama ve yaz\u0131l\u0131m paketi<\/li>\n<li>A\u011f durum izleme deste\u011fi<\/li>\n<li>OPOS s\u00fcr\u00fcc\u00fc deste\u011fi<\/li>\n<li>Ka\u011f\u0131t sonu alg\u0131lama<\/li>\n<li>Siyah nokta deste\u011fi<\/li>\n<li>Virtual COM portda \u00e7al\u0131\u015fma<\/li>\n<li>Web Sayfas\u0131ndan yaz\u0131c\u0131 ayar\u0131<\/li>\n<li>Seri ve USB portdan IP de\u011fi\u015fimi<\/li>\n<li>100MB a\u011f ba\u011flant\u0131s\u0131 sayesinde hatas\u0131z bask\u0131<\/li>\n<\/ul>\n","protected":false},"excerpt":{"rendered":"<p>TYSSO PRP300 Termal Fi\u015f Yaz\u0131c\u0131 perakende cafe, restaurant ve fastfood gibi konuk a\u011f\u0131rlama sektor\u00fc i\u00e7in tasarlanm\u0131\u015f en iyi pos yaz\u0131c\u0131d\u0131r.\u00a0 PRP300, 250 ms y\u00fcksek h\u0131za, m\u00fckemmel dahili melody box deste\u011fine, dahili kontrol tu\u015flar\u0131na sahiptir. Dahili kontrol tu\u015flar\u0131 ve uyar\u0131 \u0131\u015f\u0131klar\u0131 yaz\u0131c\u0131 konumunu daha iyi izlemeye ve ka\u011f\u0131t besleme (FEED) operasyonunun daha kolay yap\u0131lmas\u0131n\u0131 sa\u011flar.<\/p>\n","protected":false},"featured_media":58,"comment_status":"open","ping_status":"closed","template":"","meta":[],"_links":{"self":[{"href":"https:\/\/www.veribilgisayar.com\/web\/wp-json\/wp\/v2\/product\/57"}],"collection":[{"href":"https:\/\/www.veribilgisayar.com\/web\/wp-json\/wp\/v2\/product"}],"about":[{"href":"https:\/\/www.veribilgisayar.com\/web\/wp-json\/wp\/v2\/types\/product"}],"replies":[{"embeddable":true,"href":"https:\/\/www.veribilgisayar.com\/web\/wp-json\/wp\/v2\/comments?post=57"}],"wp:featuredmedia":[{"embeddable":true,"href":"https:\/\/www.veribilgisayar.com\/web\/wp-json\/wp\/v2\/media\/58"}],"wp:attachment":[{"href":"https:\/\/www.veribilgisayar.com\/web\/wp-json\/wp\/v2\/media?parent=57"}],"curies":[{"name":"wp","href":"https:\/\/api.w.org\/{rel}","templated":true}]}}