{"id":428,"date":"2018-02-10T08:33:01","date_gmt":"2018-02-10T08:33:01","guid":{"rendered":"http:\/\/veribilgisayar.com\/web\/?post_type=product&#038;p=428"},"modified":"2018-02-10T08:33:01","modified_gmt":"2018-02-10T08:33:01","slug":"syscall-sr-a2003-gosterge-panel","status":"publish","type":"product","link":"https:\/\/www.veribilgisayar.com\/web\/urun\/syscall-sr-a2003-gosterge-panel\/","title":{"rendered":"Syscall Sr-A2003 G\u00f6sterge Panel"},"content":{"rendered":"","protected":false},"excerpt":{"rendered":"<ul>\n<li><strong>\u0130ngilizce Sesli Y\u00f6nerge Talimat\u0131 <\/strong><\/li>\n<li><strong>Dokunmatik Panel T\u00fcr\u00fc <\/strong><\/li>\n<li><strong>Kablosuz Veri Kopyalama <\/strong><\/li>\n<li><strong>450 vericiye kadar kay\u0131t yap\u0131n <\/strong><\/li>\n<li><strong>2 basamakl\u0131, 3 ekran <\/strong><\/li>\n<li><strong>Boyut: 280 * 145 * 40 (H) mm <\/strong><\/li>\n<li><strong>Renk: Beyaz<\/strong><\/li>\n<\/ul>\n","protected":false},"featured_media":429,"comment_status":"closed","ping_status":"closed","template":"","meta":[],"_links":{"self":[{"href":"https:\/\/www.veribilgisayar.com\/web\/wp-json\/wp\/v2\/product\/428"}],"collection":[{"href":"https:\/\/www.veribilgisayar.com\/web\/wp-json\/wp\/v2\/product"}],"about":[{"href":"https:\/\/www.veribilgisayar.com\/web\/wp-json\/wp\/v2\/types\/product"}],"replies":[{"embeddable":true,"href":"https:\/\/www.veribilgisayar.com\/web\/wp-json\/wp\/v2\/comments?post=428"}],"wp:featuredmedia":[{"embeddable":true,"href":"https:\/\/www.veribilgisayar.com\/web\/wp-json\/wp\/v2\/media\/429"}],"wp:attachment":[{"href":"https:\/\/www.veribilgisayar.com\/web\/wp-json\/wp\/v2\/media?parent=428"}],"curies":[{"name":"wp","href":"https:\/\/api.w.org\/{rel}","templated":true}]}}