{"id":414,"date":"2018-02-10T08:04:55","date_gmt":"2018-02-10T08:04:55","guid":{"rendered":"http:\/\/veribilgisayar.com\/web\/?post_type=product&#038;p=414"},"modified":"2018-02-10T08:04:55","modified_gmt":"2018-02-10T08:04:55","slug":"syscall-sb-600-kablosuz-cagri-alici-kol-saati","status":"publish","type":"product","link":"https:\/\/www.veribilgisayar.com\/web\/urun\/syscall-sb-600-kablosuz-cagri-alici-kol-saati\/","title":{"rendered":"Syscall Sb-600 Kablosuz \u00c7a\u011fr\u0131 Al\u0131c\u0131 Kol Saati"},"content":{"rendered":"","protected":false},"excerpt":{"rendered":"<ul>\n<li><strong>10 basamakl\u0131 metin ve simge ekran\u0131 <\/strong><\/li>\n<li><strong>Bip, Titre\u015fim veya her ikisi <\/strong><\/li>\n<li><strong>Saat ve Klip tipi <\/strong><\/li>\n<li><strong>USB \u015earj Edilebilir <\/strong><\/li>\n<li><strong>Boyut: 44 * 31 * 17.5mm <\/strong><\/li>\n<li><strong>Renk: Siyah, Beyaz Vericilerden do\u011frudan \u00e7a\u011fr\u0131<\/strong><\/li>\n<\/ul>\n","protected":false},"featured_media":415,"comment_status":"closed","ping_status":"closed","template":"","meta":[],"_links":{"self":[{"href":"https:\/\/www.veribilgisayar.com\/web\/wp-json\/wp\/v2\/product\/414"}],"collection":[{"href":"https:\/\/www.veribilgisayar.com\/web\/wp-json\/wp\/v2\/product"}],"about":[{"href":"https:\/\/www.veribilgisayar.com\/web\/wp-json\/wp\/v2\/types\/product"}],"replies":[{"embeddable":true,"href":"https:\/\/www.veribilgisayar.com\/web\/wp-json\/wp\/v2\/comments?post=414"}],"wp:featuredmedia":[{"embeddable":true,"href":"https:\/\/www.veribilgisayar.com\/web\/wp-json\/wp\/v2\/media\/415"}],"wp:attachment":[{"href":"https:\/\/www.veribilgisayar.com\/web\/wp-json\/wp\/v2\/media?parent=414"}],"curies":[{"name":"wp","href":"https:\/\/api.w.org\/{rel}","templated":true}]}}