{"id":354,"date":"2017-07-20T14:11:03","date_gmt":"2017-07-20T14:11:03","guid":{"rendered":"http:\/\/veribilgisayar.com\/web\/?post_type=product&#038;p=354"},"modified":"2021-09-16T14:39:48","modified_gmt":"2021-09-16T14:39:48","slug":"fasterpos-hizli-satis-otomasyonu","status":"publish","type":"product","link":"https:\/\/www.veribilgisayar.com\/web\/urun\/fasterpos-hizli-satis-otomasyonu\/","title":{"rendered":"FasterPOS-H\u0131zl\u0131 Sat\u0131\u015f Otomasyonu"},"content":{"rendered":"<div class=\"vc_row wpb_row vc_row-fluid wpb_animate_when_almost_visible wpb_bounceInLeft bounceInLeft vc_custom_1489495786699 vc_row-has-fill wpb_start_animation animated\">\n<div class=\"wpb_column vc_column_container vc_col-sm-6\">\n<div class=\"vc_column-inner \">\n<div class=\"wpb_wrapper\">\n<div class=\"wpb_single_image wpb_content_element vc_align_center\">\n<figure class=\"wpb_wrapper vc_figure\">\n<div class=\"vc_single_image-wrapper vc_box_border_grey\"><\/div>\n<\/figure>\n<\/div>\n<\/div>\n<\/div>\n<\/div>\n<div class=\"wpb_column vc_column_container vc_col-sm-6\">\n<div class=\"vc_column-inner \">\n<div class=\"wpb_wrapper\">\n<div class=\"wpb_content_element vc_custom_1489492944108\">\n<header id=\"ut_header_5970b79dd1bd2\" class=\"section-header global header-center\">\n<h2 class=\"section-title\">\u015e\u0131k ve Kullan\u0131\u015fl\u0131 Tasar\u0131m<\/h2>\n<\/header>\n<\/div>\n<div class=\"wpb_text_column wpb_content_element \">\n<div class=\"wpb_wrapper\">\n<ul>\n<li>\n<h3>Dokunmatik ekranlarda h\u0131zl\u0131 ve kolay kullan\u0131m \u00f6zelli\u011fi ile i\u015finizi kolayla\u015ft\u0131r\u0131r.<\/h3>\n<\/li>\n<li>\n<h3>Ayr\u0131ca \u00fcr\u00fcn listesinde \u00fcr\u00fcn birim bilgisi ve fiyat bilgisine h\u0131zl\u0131 bir \u015fekilde ula\u015fabilirsiniz.<\/h3>\n<\/li>\n<li>\n<h3>Liste Ekran\u0131 ile detayl\u0131 ve \u015f\u0131k g\u00f6r\u00fcn\u00fcm sa\u011flar.<\/h3>\n<\/li>\n<li>\n<h3>Geli\u015fmi\u015f arama ile hem firma ve cariyi ayn\u0131 alandan arayabilirsiniz.<\/h3>\n<\/li>\n<\/ul>\n<\/div>\n<\/div>\n<\/div>\n<\/div>\n<\/div>\n<\/div>\n<div class=\"vc_row wpb_row vc_row-fluid wpb_animate_when_almost_visible wpb_bounceInRight bounceInRight vc_custom_1489495794573 vc_row-has-fill wpb_start_animation animated\">\n<div class=\"wpb_column vc_column_container vc_col-sm-6\">\n<div class=\"vc_column-inner \">\n<div class=\"wpb_wrapper\">\n<div class=\"wpb_content_element vc_custom_1489493105588\">\n<header id=\"ut_header_5970b79dd2468\" class=\"section-header global header-center\">\n<h2 class=\"section-title\">Online\/Offline \u00c7al\u0131\u015fma<\/h2>\n<\/header>\n<\/div>\n<div class=\"wpb_text_column wpb_content_element \">\n<div class=\"wpb_wrapper\">\n<ul>\n<li>\n<h3>Market zincirlerinde, \u00e7ok \u015fubeli ma\u011fazalarda arada ba\u011flant\u0131 olmasa da rahatl\u0131kla kullan\u0131labilecek bir yap\u0131ya sahip olan Faster<u>POS<\/u>\u00a0bu \u00e7\u00f6z\u00fcmleri ile sekt\u00f6r\u00fcn liderleri taraf\u0131ndan tercih ediliyor.<\/h3>\n<\/li>\n<\/ul>\n<\/div>\n<\/div>\n<\/div>\n<\/div>\n<\/div>\n<div class=\"wpb_column vc_column_container vc_col-sm-6\">\n<div class=\"vc_column-inner \">\n<div class=\"wpb_wrapper\">\n<div class=\"vc_single_image-wrapper vc_box_border_grey\"><\/div>\n<\/div>\n<\/div>\n<\/div>\n<\/div>\n<div class=\"vc_row wpb_row vc_row-fluid wpb_animate_when_almost_visible wpb_bounceInLeft bounceInLeft vc_custom_1489495803685 vc_row-has-fill wpb_start_animation animated\">\n<div class=\"wpb_column vc_column_container vc_col-sm-6\">\n<div class=\"vc_column-inner \">\n<div class=\"wpb_wrapper\">\n<div class=\"wpb_content_element vc_custom_1489493045230\">\n<header id=\"ut_header_5970b79dd320e\" class=\"section-header global header-center\">\n<h2 class=\"section-title\">e-Fatura \/ e-Ar\u015fiv<\/h2>\n<\/header>\n<\/div>\n<div class=\"wpb_text_column wpb_content_element \">\n<div class=\"wpb_wrapper\">\n<ul>\n<li>\n<h4>Yeni m\u00fc\u015fteri tan\u0131mlamada M\u00fckellef Sorgusu yapabilirsiniz.<\/h4>\n<\/li>\n<li>\n<h4>E-Fatura ve e-Ar\u015fiv fatura d\u00fczenleyebilirsiniz.<\/h4>\n<\/li>\n<li>\n<h4>VegaYaz\u0131l\u0131m entegrat\u00f6rl\u00fc\u011f\u00fc sayesinde, farkl\u0131 firma ve programlar arac\u0131 olmadan E-FATURA5 program\u0131 faturalar\u0131n\u0131z\u0131 portala y\u00fckleyebilirsiniz.<\/h4>\n<\/li>\n<\/ul>\n<\/div>\n<\/div>\n<\/div>\n<\/div>\n<\/div>\n<div class=\"wpb_column vc_column_container vc_col-sm-6\">\n<div class=\"vc_column-inner \">\n<div class=\"wpb_wrapper\">\n<div class=\"wpb_content_element vc_custom_1489493094950\">\n<header id=\"ut_header_5970b79dd35e4\" class=\"section-header global header-center\">\n<h2 class=\"section-title\">\u00dcr\u00fcn \u0130ade \u0130\u015flemi<\/h2>\n<\/header>\n<\/div>\n<div class=\"wpb_text_column wpb_content_element \">\n<div class=\"wpb_wrapper\">\n<ul>\n<li>\n<h4>\u0130ade i\u015fleminde fi\u015f \u00fczerinden sat\u0131\u015f bulabilirsiniz.<\/h4>\n<\/li>\n<li>\n<h4>Ayr\u0131ca \u0130ade i\u015flemini belirli bir \u00fcr\u00fcn se\u00e7erek yapabilirsiniz.<\/h4>\n<\/li>\n<\/ul>\n<\/div>\n<\/div>\n<\/div>\n<\/div>\n<\/div>\n<\/div>\n<div class=\"vc_row wpb_row vc_row-fluid wpb_animate_when_almost_visible wpb_bounceInRight bounceInRight vc_custom_1489495814309 vc_row-has-fill wpb_start_animation animated\">\n<div class=\"wpb_column vc_column_container vc_col-sm-6\">\n<div class=\"vc_column-inner \">\n<div class=\"wpb_wrapper\">\n<div class=\"wpb_content_element vc_custom_1489493135191\">\n<header id=\"ut_header_5970b79dd3be6\" class=\"section-header global header-center\">\n<h2 class=\"section-title\">Yazar Kasa Poslar ile Entegre \u00c7al\u0131\u015fabilme \u00d6zelli\u011fi<\/h2>\n<\/header>\n<\/div>\n<div class=\"wpb_text_column wpb_content_element \">\n<div class=\"wpb_wrapper\">\n<ul>\n<li>\n<h3>Yeni nesil yazarkasalar ile tam entegrasyon sa\u011flar.<\/h3>\n<\/li>\n<li>\n<h3>\u00dcr\u00fcn isimleri ve barkodlar\u0131 ile kasadan fi\u015f \u00e7\u0131kt\u0131s\u0131 verebilirsiniz.<\/h3>\n<\/li>\n<li>\n<h3>Kasadan yap\u0131lan ka\u00e7aklar\u0131n \u00f6n\u00fcne ge\u00e7ebilirsiniz.<\/h3>\n<\/li>\n<\/ul>\n<\/div>\n<\/div>\n<\/div>\n<\/div>\n<\/div>\n<div class=\"wpb_column vc_column_container vc_col-sm-6\">\n<div class=\"vc_column-inner \">\n<div class=\"wpb_wrapper\">\n<div class=\"wpb_single_image wpb_content_element vc_align_center\">\n<figure class=\"wpb_wrapper vc_figure\">\n<div class=\"vc_single_image-wrapper vc_box_border_grey\"><\/div>\n<\/figure>\n<\/div>\n<\/div>\n<\/div>\n<\/div>\n<\/div>\n<div class=\"vc_row wpb_row vc_row-fluid wpb_animate_when_almost_visible wpb_bounceInLeft bounceInLeft vc_custom_1489495827028 vc_row-has-fill wpb_start_animation animated\">\n<div class=\"wpb_column vc_column_container vc_col-sm-6\">\n<div class=\"vc_column-inner \">\n<div class=\"wpb_wrapper\">\n<div class=\"wpb_single_image wpb_content_element vc_align_center\">\n<figure class=\"wpb_wrapper vc_figure\">\n<div class=\"vc_single_image-wrapper vc_box_border_grey\"><\/div>\n<\/figure>\n<\/div>\n<\/div>\n<\/div>\n<\/div>\n<div class=\"wpb_column vc_column_container vc_col-sm-6\">\n<div class=\"vc_column-inner \">\n<div class=\"wpb_wrapper\">\n<div class=\"wpb_content_element vc_custom_1489493152743\">\n<header id=\"ut_header_5970b79dd5123\" class=\"section-header global header-center\">\n<h2 class=\"section-title\">Puan\/Kampanya \u0130\u015flemleri<\/h2>\n<\/header>\n<\/div>\n<div class=\"wpb_text_column wpb_content_element \">\n<div class=\"wpb_wrapper\">\n<ul>\n<li>\n<h3>M\u00fc\u015fterilerinize puan kazand\u0131r\u0131p sat\u0131\u015f an\u0131nda kulland\u0131rabilirsiniz<\/h3>\n<\/li>\n<li>\n<h3>Kampanya tan\u0131mlar\u0131 yaparak \u00fcr\u00fcnlerinizin sat\u0131\u015f\u0131n\u0131 art\u0131rabilirsiniz.<\/h3>\n<\/li>\n<\/ul>\n<\/div>\n<\/div>\n<\/div>\n<\/div>\n<\/div>\n<\/div>\n<div class=\"vc_row wpb_row vc_row-fluid wpb_animate_when_almost_visible wpb_bounceInRight bounceInRight vc_custom_1489495842596 vc_row-has-fill wpb_start_animation animated\">\n<div class=\"wpb_column vc_column_container vc_col-sm-6\">\n<div class=\"vc_column-inner \">\n<div class=\"wpb_wrapper\">\n<div class=\"wpb_content_element vc_custom_1489493743848\">\n<header id=\"ut_header_5970b79dd5736\" class=\"section-header global header-center\">\n<h2 class=\"section-title\">S\u0131n\u0131rs\u0131z Fi\u015f Bekletme \u00d6zelli\u011fi<\/h2>\n<\/header>\n<\/div>\n<div class=\"wpb_text_column wpb_content_element \">\n<div class=\"wpb_wrapper\">\n<ul>\n<li>\n<h4>S\u0131n\u0131rs\u0131z fi\u015f bekletebilirsiniz.<\/h4>\n<\/li>\n<li>\n<h4>Bekleyen fi\u015fi barkod ile \u00e7a\u011f\u0131rabilirsiniz.<\/h4>\n<\/li>\n<li>\n<h4>Bekleyen fi\u015flere masa numaras\u0131 verebilirsiniz.<\/h4>\n<\/li>\n<li>\n<h4>Bekleyen fi\u015fin i\u00e7eri\u011finiz g\u00f6rebilirsiniz<\/h4>\n<\/li>\n<\/ul>\n<\/div>\n<\/div>\n<\/div>\n<\/div>\n<\/div>\n<div class=\"wpb_column vc_column_container vc_col-sm-6\">\n<div class=\"vc_column-inner \">\n<div class=\"wpb_wrapper\">\n<div class=\"wpb_content_element vc_custom_1489493821694\">\n<header id=\"ut_header_5970b79dd5b06\" class=\"section-header global header-global\">\n<h2 class=\"section-title\">Geli\u015ftirilmi\u015f Raporlar<\/h2>\n<\/header>\n<\/div>\n<div class=\"wpb_text_column wpb_content_element \">\n<div class=\"wpb_wrapper\">\n<ul>\n<li>\n<h3>Anla\u015f\u0131labilir ve h\u0131zl\u0131 raporlamalar ile hesab\u0131n\u0131z\u0131 tam olarak yapabilirsiniz.<\/h3>\n<\/li>\n<\/ul>\n<\/div>\n<\/div>\n<\/div>\n<\/div>\n<\/div>\n<\/div>\n<div class=\"vc_row wpb_row vc_row-fluid wpb_animate_when_almost_visible wpb_bounceInLeft bounceInLeft vc_custom_1489495856779 vc_row-has-fill wpb_start_animation animated\">\n<div class=\"wpb_column vc_column_container vc_col-sm-6\">\n<div class=\"vc_column-inner \">\n<div class=\"wpb_wrapper\">\n<div class=\"wpb_content_element vc_custom_1489493442665\">\n<header id=\"ut_header_5970b79dd610a\" class=\"section-header global header-center\">\n<h2 class=\"section-title\">Sat\u0131\u015f Fiyat\u0131 De\u011fi\u015ftirme<\/h2>\n<\/header>\n<\/div>\n<div class=\"wpb_text_column wpb_content_element \">\n<div class=\"wpb_wrapper\">\n<ul>\n<li>\n<h3>De\u011fi\u015fen \u00fcr\u00fcnlerin fiyatlar\u0131n\u0131 h\u0131zl\u0131 bir \u015fekilde de\u011fi\u015ftirebilirsiniz.<\/h3>\n<\/li>\n<\/ul>\n<\/div>\n<\/div>\n<\/div>\n<\/div>\n<\/div>\n<div class=\"wpb_column vc_column_container vc_col-sm-6\">\n<div class=\"vc_column-inner \">\n<div class=\"wpb_wrapper\">\n<div class=\"wpb_single_image wpb_content_element vc_align_center\">\n<figure class=\"wpb_wrapper vc_figure\">\n<div class=\"vc_single_image-wrapper vc_box_border_grey\"><\/div>\n<\/figure>\n<\/div>\n<\/div>\n<\/div>\n<\/div>\n<\/div>\n<div class=\"vc_row wpb_row vc_row-fluid wpb_animate_when_almost_visible wpb_bounceInRight bounceInRight vc_custom_1489495868487 vc_row-has-fill wpb_start_animation animated\">\n<div class=\"wpb_column vc_column_container vc_col-sm-6\">\n<div class=\"vc_column-inner \">\n<div class=\"wpb_wrapper\">\n<div class=\"wpb_content_element vc_custom_1489493199317\">\n<header id=\"ut_header_5970b79dd6e12\" class=\"section-header global header-center\">\n<h2 class=\"section-title\">\u00dcr\u00fcn Grupland\u0131rma, \u00dcr\u00fcn Resimlerini Ekleme<\/h2>\n<\/header>\n<\/div>\n<div class=\"wpb_text_column wpb_content_element \">\n<div class=\"wpb_wrapper\">\n<ul>\n<li>\n<h3>\u00dcr\u00fcnleri grupland\u0131rarak onlara kolay eri\u015fim sa\u011flayabilirsiniz.<\/h3>\n<\/li>\n<li>\n<h3>Ayr\u0131ca \u00fcr\u00fcn resimlerini ekleyebilirsiniz.<\/h3>\n<\/li>\n<li>\n<h3>En \u00e7ok satt\u0131\u011f\u0131n\u0131z \u00fcr\u00fcnlerin ne oldu\u011funu d\u00fc\u015f\u00fcnmenize gerek yok! Faster onlar\u0131 sizin i\u00e7in buluyor\u2026<\/h3>\n<\/li>\n<\/ul>\n<\/div>\n<\/div>\n<\/div>\n<\/div>\n<\/div>\n<div class=\"wpb_column vc_column_container vc_col-sm-6\">\n<div class=\"vc_column-inner \">\n<div class=\"wpb_wrapper\">\n<div class=\"wpb_content_element vc_custom_1489493206512\">\n<header id=\"ut_header_5970b79dd71fc\" class=\"section-header global header-center\">\n<h2 class=\"section-title\">\u00dcr\u00fcn \u0130ade \u0130\u015flemi<\/h2>\n<\/header>\n<\/div>\n<div class=\"wpb_text_column wpb_content_element \">\n<div class=\"wpb_wrapper\">\n<ul>\n<li>\n<h3>\u0130ade i\u015fleminde fi\u015f \u00fczerinden sat\u0131\u015f bulabilirsiniz.<\/h3>\n<\/li>\n<li>\n<h3>Ayr\u0131ca \u0130ade i\u015flemini belirli bir \u00fcr\u00fcn se\u00e7erek yapabilirsiniz.<\/h3>\n<\/li>\n<\/ul>\n<\/div>\n<\/div>\n<\/div>\n<\/div>\n<\/div>\n<\/div>\n<div class=\"vc_row wpb_row vc_row-fluid wpb_animate_when_almost_visible wpb_bounceInLeft bounceInLeft vc_custom_1489495879455 vc_row-has-fill wpb_start_animation animated\">\n<div class=\"wpb_column vc_column_container vc_col-sm-6\">\n<div class=\"vc_column-inner \">\n<div class=\"wpb_wrapper\">\n<div class=\"wpb_single_image wpb_content_element vc_align_center\">\n<figure class=\"wpb_wrapper vc_figure\">\n<div class=\"vc_single_image-wrapper vc_box_border_grey\"><\/div>\n<\/figure>\n<\/div>\n<\/div>\n<\/div>\n<\/div>\n<div class=\"wpb_column vc_column_container vc_col-sm-6\">\n<div class=\"vc_column-inner \">\n<div class=\"wpb_wrapper\">\n<div class=\"wpb_content_element vc_custom_1489493481891\">\n<header id=\"ut_header_5970b79dd7e27\" class=\"section-header global header-center\">\n<h2 class=\"section-title\">M\u00fc\u015fteri Sat\u0131\u015f Ekran\u0131<\/h2>\n<\/header>\n<\/div>\n<div class=\"wpb_text_column wpb_content_element \">\n<div class=\"wpb_wrapper\">\n<ul>\n<li>\n<h3>Sat\u0131\u015f an\u0131nda m\u00fc\u015fteriyi bilgilendirebilece\u011finiz \u00e7ift ekranl\u0131 pos sistemleri ile m\u00fc\u015fterilerinizi sat\u0131\u015f bilgilendirebilirsiniz.<\/h3>\n<\/li>\n<li>\n<h3>Bo\u015f anlarda reklam oynatarak gelir sa\u011flayabilirsiniz.<\/h3>\n<\/li>\n<\/ul>\n<\/div>\n<\/div>\n<\/div>\n<\/div>\n<\/div>\n<\/div>\n<div class=\"vc_row wpb_row vc_row-fluid wpb_animate_when_almost_visible wpb_bounceInRight bounceInRight vc_custom_1489495888333 vc_row-has-fill wpb_start_animation animated\">\n<div class=\"wpb_column vc_column_container vc_col-sm-6\">\n<div class=\"vc_column-inner \">\n<div class=\"wpb_wrapper\">\n<div class=\"wpb_content_element vc_custom_1489494899096\">\n<header id=\"ut_header_5970b79dd8430\" class=\"section-header global header-center\">\n<h2 class=\"section-title\">Entegrasyon<\/h2>\n<\/header>\n<\/div>\n<div class=\"wpb_text_column wpb_content_element \">\n<div class=\"wpb_wrapper\">\n<ul>\n<li>\n<h3>Entegre etmeden \u015fube bazl\u0131 sat\u0131\u015f ve tahsilat detay\u0131na ula\u015fabilirsiniz.<\/h3>\n<\/li>\n<li>\n<h3>Offline \u00e7al\u0131\u015fmada daha \u00f6nce entegre edilmi\u015f belgelerin entegrasyonunu kald\u0131rabilirsiniz.<\/h3>\n<\/li>\n<\/ul>\n<\/div>\n<\/div>\n<\/div>\n<\/div>\n<\/div>\n<div class=\"wpb_column vc_column_container vc_col-sm-6\">\n<div class=\"vc_column-inner \">\n<div class=\"wpb_wrapper\">\n<div class=\"wpb_content_element vc_custom_1489494240928\">\n<header id=\"ut_header_5970b79dd87da\" class=\"section-header global header-center\">\n<h2 class=\"section-title\">Vera Yazar Kasalarda Kasiyer A\u00e7\u0131l\u0131\u015f\u0131 ve Z Raporu Alabilme<\/h2>\n<\/header>\n<\/div>\n<div class=\"wpb_text_column wpb_content_element \">\n<div class=\"wpb_wrapper\">\n<ul>\n<li>\n<h3>Vera Yazarkasa ile \u00e7al\u0131\u015fanlar i\u00e7in pratik bir \u00e7\u00f6z\u00fcm! Kasiyerin kasay\u0131 a\u00e7mas\u0131 i\u00e7in program\u0131 a\u00e7mas\u0131 yeter.<\/h3>\n<\/li>\n<li>\n<h3>Z Raporu almak i\u00e7in yazarkasan\u0131n karma\u015fas\u0131 ile u\u011fra\u015fmaya art\u0131k gerek yok\u2026<\/h3>\n<\/li>\n<\/ul>\n<\/div>\n<\/div>\n<\/div>\n<\/div>\n<\/div>\n<\/div>\n<div class=\"vc_row wpb_row vc_row-fluid wpb_animate_when_almost_visible wpb_bounceInLeft bounceInLeft vc_custom_1489495895206 vc_row-has-fill wpb_start_animation animated\">\n<div class=\"wpb_column vc_column_container vc_col-sm-6\">\n<div class=\"vc_column-inner \">\n<div class=\"wpb_wrapper\">\n<div class=\"wpb_content_element \">\n<header id=\"ut_header_5970b79dd8dd2\" class=\"section-header global header-center\">\n<h2 class=\"section-title\">Terazi ile Entegreli \u00c7al\u0131\u015fma<\/h2>\n<\/header>\n<\/div>\n<div class=\"wpb_text_column wpb_content_element \">\n<div class=\"wpb_wrapper\">\n<ul>\n<li>\n<h3>Teraziler ile online ba\u011flat\u0131l\u0131 a\u011f\u0131rl\u0131k dara haberle\u015fmesi sa\u011flanarak H\u0131zl\u0131 ve Kolay sat\u0131\u015f i\u015flemi sa\u011flar.<\/h3>\n<\/li>\n<\/ul>\n<\/div>\n<\/div>\n<\/div>\n<\/div>\n<\/div>\n<div class=\"wpb_column vc_column_container vc_col-sm-6\">\n<div class=\"vc_column-inner \">\n<div class=\"wpb_wrapper\">\n<div class=\"wpb_single_image wpb_content_element vc_align_center\">\n<figure class=\"wpb_wrapper vc_figure\">\n<div class=\"vc_single_image-wrapper vc_box_border_grey\"><\/div>\n<\/figure>\n<\/div>\n<\/div>\n<\/div>\n<\/div>\n<\/div>\n<div class=\"vc_row wpb_row vc_row-fluid wpb_animate_when_almost_visible wpb_bounceInRight bounceInRight vc_custom_1489495902853 vc_row-has-fill wpb_start_animation animated\">\n<div class=\"wpb_column vc_column_container vc_col-sm-6\">\n<div class=\"vc_column-inner \">\n<div class=\"wpb_wrapper\">\n<div class=\"wpb_content_element \">\n<header id=\"ut_header_5970b79dd9a75\" class=\"section-header global header-center\">\n<h2 class=\"section-title\">VegawinA5 ile Entegrasyon<\/h2>\n<\/header>\n<\/div>\n<div class=\"wpb_text_column wpb_content_element \">\n<div class=\"wpb_wrapper\">\n<ul>\n<li>\n<h3>VegawinA5 ve VegaONE ile entegre \u00e7al\u0131\u015fan Faster ile online \u00e7al\u0131\u015farak stoklar\u0131n\u0131z\u0131n g\u00fcncel durumunu saniye saniye takip edebilirsiniz<\/h3>\n<\/li>\n<li>\n<h3>VegawinA5\u2019e aktar\u0131lan faturalar\u0131 Muhasebe\u2019ye otomatik olarak entegre edebilirsiniz.<\/h3>\n<\/li>\n<li>\n<h3>VegawinA5\u2019in ERS raporlar\u0131 ile i\u015fletmenizin ayl\u0131k haftal\u0131k g\u00fcnl\u00fck durumunu analiz edebilirsiniz.<\/h3>\n<\/li>\n<\/ul>\n<\/div>\n<\/div>\n<\/div>\n<\/div>\n<\/div>\n<div class=\"wpb_column vc_column_container vc_col-sm-6\">\n<div class=\"vc_column-inner \">\n<div class=\"wpb_wrapper\">\n<div class=\"wpb_text_column wpb_content_element \">\n<div class=\"wpb_wrapper\">\n<h4>\u0130\u015fletmenizde ihtiya\u00e7 duyabilece\u011finiz her t\u00fcrl\u00fc \u00f6zelli\u011fi bulabilece\u011finiz VegawinA5 program\u0131 hakk\u0131nda detayl\u0131 bilgi i\u00e7in butonu t\u0131klay\u0131n.<\/h4>\n<\/div>\n<\/div>\n<div class=\"vc_btn3-container vc_btn3-center\"><a class=\"vc_general vc_btn3 vc_btn3-size-lg vc_btn3-shape-rounded vc_btn3-style-3d vc_btn3-color-black\" title=\"vegawinA5\" href=\"http:\/\/veribilgisayar.com\/web\/urun\/fatura-stok-cari-programi\/\">VegawinA5 Nedir?<\/a><\/div>\n<\/div>\n<\/div>\n<\/div>\n<\/div>\n<div class=\"vc_row wpb_row vc_row-fluid wpb_animate_when_almost_visible wpb_bounceInLeft bounceInLeft vc_custom_1489495910561 vc_row-has-fill wpb_start_animation animated\">\n<div class=\"wpb_column vc_column_container vc_col-sm-12\">\n<div class=\"vc_column-inner \">\n<div class=\"wpb_wrapper\">\n<div class=\"wpb_text_column wpb_content_element wpb_animate_when_almost_visible wpb_bounceInLeft bounceInLeft wpb_start_animation animated\">\n<div class=\"wpb_wrapper\">\n<ul>\n<li>\n<h3>\u00c7al\u0131\u015ft\u0131\u011f\u0131n\u0131z firmalar\u0131n anl\u0131k Hesap Ekstresini h\u0131zl\u0131 bir \u015fekilde alabilirsiniz.<\/h3>\n<\/li>\n<\/ul>\n<\/div>\n<\/div>\n<\/div>\n<\/div>\n<\/div>\n<\/div>\n<div class=\"vc_row wpb_row vc_row-fluid wpb_animate_when_almost_visible wpb_bounceInRight bounceInRight vc_custom_1489495696692 vc_row-has-fill wpb_start_animation animated\">\n<div class=\"wpb_column vc_column_container vc_col-sm-12\">\n<div class=\"vc_column-inner \">\n<div class=\"wpb_wrapper\">\n<div class=\"wpb_text_column wpb_content_element \">\n<div class=\"wpb_wrapper\">\n<ul>\n<li>\n<h3>Programda yap\u0131lan t\u00fcm i\u015flemlerin Log Raporu ile takibi yap\u0131labilir.<\/h3>\n<\/li>\n<\/ul>\n<\/div>\n<\/div>\n<\/div>\n<\/div>\n<\/div>\n<\/div>\n<div class=\"vc_row wpb_row vc_row-fluid vc_custom_1489495713310 vc_row-has-fill\">\n<div class=\"wpb_column vc_column_container vc_col-sm-12\">\n<div class=\"vc_column-inner \">\n<div class=\"wpb_wrapper\">\n<div class=\"wpb_text_column wpb_content_element wpb_animate_when_almost_visible wpb_bounceInLeft bounceInLeft wpb_start_animation animated\">\n<div class=\"wpb_wrapper\">\n<ul>\n<li>\n<h3>Tahsilat Nakit ve Kredi Kart\u0131 \u00fczerinden par\u00e7alanarak al\u0131nabilmektedir. Buda tahsilat\u0131n h\u0131zl\u0131 ve kolay olmas\u0131n\u0131 sa\u011flar.<\/h3>\n<\/li>\n<\/ul>\n<\/div>\n<\/div>\n<\/div>\n<\/div>\n<\/div>\n<\/div>\n<div class=\"vc_row wpb_row vc_row-fluid vc_custom_1489495768371 vc_row-has-fill\">\n<div class=\"wpb_column vc_column_container vc_col-sm-12\">\n<div class=\"vc_column-inner \">\n<div class=\"wpb_wrapper\">\n<div class=\"wpb_text_column wpb_content_element wpb_animate_when_almost_visible wpb_bounceInRight bounceInRight wpb_start_animation animated\">\n<div class=\"wpb_wrapper\">\n<ul>\n<li>\n<h3>Fiyat\u0131 sat\u0131\u015f an\u0131nda belli olan \u00fcr\u00fcnler i\u00e7in H\u0131zl\u0131 fiyat giri\u015fi ile sat\u0131\u015f\u0131n\u0131z\u0131 h\u0131zland\u0131rabilirsiniz.<\/h3>\n<\/li>\n<\/ul>\n<\/div>\n<\/div>\n<\/div>\n<\/div>\n<\/div>\n<\/div>\n","protected":false},"excerpt":{"rendered":"<p>\u015e\u0131k ve Kullan\u0131\u015fl\u0131 Tasar\u0131m Dokunmatik ekranlarda h\u0131zl\u0131 ve kolay kullan\u0131m \u00f6zelli\u011fi ile i\u015finizi kolayla\u015ft\u0131r\u0131r. Ayr\u0131ca \u00fcr\u00fcn listesinde \u00fcr\u00fcn birim bilgisi ve fiyat bilgisine h\u0131zl\u0131 bir \u015fekilde ula\u015fabilirsiniz. Liste Ekran\u0131 ile detayl\u0131 ve \u015f\u0131k g\u00f6r\u00fcn\u00fcm sa\u011flar&#8230;.<\/p>\n","protected":false},"featured_media":362,"comment_status":"closed","ping_status":"closed","template":"","meta":[],"_links":{"self":[{"href":"https:\/\/www.veribilgisayar.com\/web\/wp-json\/wp\/v2\/product\/354"}],"collection":[{"href":"https:\/\/www.veribilgisayar.com\/web\/wp-json\/wp\/v2\/product"}],"about":[{"href":"https:\/\/www.veribilgisayar.com\/web\/wp-json\/wp\/v2\/types\/product"}],"replies":[{"embeddable":true,"href":"https:\/\/www.veribilgisayar.com\/web\/wp-json\/wp\/v2\/comments?post=354"}],"wp:featuredmedia":[{"embeddable":true,"href":"https:\/\/www.veribilgisayar.com\/web\/wp-json\/wp\/v2\/media\/362"}],"wp:attachment":[{"href":"https:\/\/www.veribilgisayar.com\/web\/wp-json\/wp\/v2\/media?parent=354"}],"curies":[{"name":"wp","href":"https:\/\/api.w.org\/{rel}","templated":true}]}}