{"id":164,"date":"2016-03-19T12:09:17","date_gmt":"2016-03-19T12:09:17","guid":{"rendered":"http:\/\/veribilgisayar.com\/web\/?post_type=product&#038;p=164"},"modified":"2021-12-20T01:58:22","modified_gmt":"2021-12-20T01:58:22","slug":"tysso-vfd650-musteri-gostergesi","status":"publish","type":"product","link":"https:\/\/www.veribilgisayar.com\/web\/urun\/tysso-vfd650-musteri-gostergesi\/","title":{"rendered":"TYSSO VFD650 M\u00fc\u015fteri G\u00f6stergesi"},"content":{"rendered":"","protected":false},"excerpt":{"rendered":"<p>\u25a0 2 Row 20 Char + 2COLOR<\/p>\n<p>\u25a0 (POP-950-D5 &amp; POP-950-CD UYUMLU)<\/p>\n","protected":false},"featured_media":165,"comment_status":"open","ping_status":"closed","template":"","meta":[],"_links":{"self":[{"href":"https:\/\/www.veribilgisayar.com\/web\/wp-json\/wp\/v2\/product\/164"}],"collection":[{"href":"https:\/\/www.veribilgisayar.com\/web\/wp-json\/wp\/v2\/product"}],"about":[{"href":"https:\/\/www.veribilgisayar.com\/web\/wp-json\/wp\/v2\/types\/product"}],"replies":[{"embeddable":true,"href":"https:\/\/www.veribilgisayar.com\/web\/wp-json\/wp\/v2\/comments?post=164"}],"wp:featuredmedia":[{"embeddable":true,"href":"https:\/\/www.veribilgisayar.com\/web\/wp-json\/wp\/v2\/media\/165"}],"wp:attachment":[{"href":"https:\/\/www.veribilgisayar.com\/web\/wp-json\/wp\/v2\/media?parent=164"}],"curies":[{"name":"wp","href":"https:\/\/api.w.org\/{rel}","templated":true}]}}