{"id":1302,"date":"2023-10-04T09:57:00","date_gmt":"2023-10-04T06:57:00","guid":{"rendered":"https:\/\/www.veribilgisayar.com\/web\/?post_type=product&#038;p=1302"},"modified":"2023-10-04T09:57:01","modified_gmt":"2023-10-04T06:57:01","slug":"tysso-blp-300-barkod-etiket-yazici","status":"publish","type":"product","link":"https:\/\/www.veribilgisayar.com\/web\/urun\/tysso-blp-300-barkod-etiket-yazici\/","title":{"rendered":"Tysso Blp-300 Barkod, Etiket Yaz\u0131c\u0131"},"content":{"rendered":"<div class=\"media\">\n<div class=\"media-body\">\n<h5 class=\"media-heading\">Kullan\u0131c\u0131 Dostu Ve Kullan\u0131m\u0131 Kolay<\/h5>\n<p>&nbsp;<\/p>\n<\/div>\n<\/div>\n<div class=\"media\">\n<div class=\"media-center\"><a href=\"https:\/\/cdn.ready-market.com\/106\/39e983bd\/\/Templates\/pic\/BLP-300_07.jpg?v=5bf5594e\" rel=\"media_1_0\" data-options=\"smartRecognition: true\" data-title=\"B\u00fcy\u00fck Etiket Rulo Kapasitesi\" data-caption=\"Adapt\u00f6r\u00fcn i\u00e7indeki mekanik tasar\u0131m ve b\u00fcy\u00fck kapasiteli etiket rulosu yuvas\u0131, masan\u0131n \u00fczerinde veya tezgah\u0131n k\u00f6\u015fesinde bile, k\u0131sa bir s\u00fcre i\u00e7in bir etiket bask\u0131 istasyonu kurman\u0131n rahatl\u0131\u011f\u0131n\u0131 ve i\u015flevselli\u011fini art\u0131r\u0131r. Ayr\u0131ca, kolay konfig\u00fcrasyon yaz\u0131l\u0131m\u0131 ve etiket tasar\u0131m ara\u00e7lar\u0131, BLP-300'\u00fcn b\u00fcy\u00fck miktarda etiket yazd\u0131rma g\u00f6revlerini ger\u00e7ekle\u015ftirme yetene\u011fine sahip olmas\u0131n\u0131 sa\u011flar.\n\"><img decoding=\"async\" class=\"media-object\" src=\"https:\/\/cdn.ready-market.com\/106\/39e983bd\/\/Templates\/pic\/BLP-300_07.jpg?v=5bf5594e\" alt=\"B\u00fcy\u00fck Etiket Rulo Kapasitesi\" \/><\/a><\/div>\n<div class=\"media-body\">\n<h5 class=\"media-heading\">B\u00fcy\u00fck Etiket Rulo Kapasitesi<\/h5>\n<p>Adapt\u00f6r\u00fcn i\u00e7indeki mekanik tasar\u0131m ve b\u00fcy\u00fck kapasiteli etiket rulosu yuvas\u0131, masan\u0131n \u00fczerinde veya tezgah\u0131n k\u00f6\u015fesinde bile, k\u0131sa bir s\u00fcre i\u00e7in bir etiket bask\u0131 istasyonu kurman\u0131n rahatl\u0131\u011f\u0131n\u0131 ve i\u015flevselli\u011fini art\u0131r\u0131r. Ayr\u0131ca, kolay konfig\u00fcrasyon yaz\u0131l\u0131m\u0131 ve etiket tasar\u0131m ara\u00e7lar\u0131, BLP-300&#8217;\u00fcn b\u00fcy\u00fck miktarda etiket yazd\u0131rma g\u00f6revlerini ger\u00e7ekle\u015ftirme yetene\u011fine sahip olmas\u0131n\u0131 sa\u011flar.<\/p>\n<\/div>\n<\/div>\n<div class=\"media\">\n<div class=\"media-body\">\n<h5 class=\"media-heading\">Ayarlanabilir Ka\u011f\u0131t Rulo Tutucu<\/h5>\n<p>&nbsp;<\/p>\n<\/div>\n<\/div>\n<div class=\"media\">\n<div class=\"media-center\"><a href=\"https:\/\/cdn.ready-market.com\/106\/39e983bd\/\/Templates\/pic\/BLP-300_04.jpg?v=5bf5594e\" rel=\"media_3_0\" data-options=\"smartRecognition: true\" data-title=\"Uygun Fiyatl\u0131l\u0131\u011f\u0131n M\u00fckemmel Bir Kombinasyonu\" data-caption=\"BLP-300, uygun fiyatla dayan\u0131kl\u0131 ve g\u00fcvenilir tasar\u0131m\u0131n m\u00fckemmel bir birle\u015fimidir. Uygun fiyatl\u0131d\u0131r ve USB 2.0 kullanarak temel etiket yazd\u0131rma ihtiya\u00e7lar\u0131n\u0131n \u00e7o\u011fu i\u00e7in ihtiyac\u0131n\u0131z olan \u00f6zelli\u011fe sahiptir. E\u015fi benzeri olmayan bir maliyetle BLP-300, saniyede 2~5 in\u00e7'e varan bask\u0131 h\u0131zlar\u0131yla in\u00e7 ba\u015f\u0131na 203 nokta bask\u0131 \u00e7\u00f6z\u00fcn\u00fcrl\u00fc\u011f\u00fc sunar. Do\u011frudan termal yaz\u0131c\u0131 BLP-300, \u00fcr\u00fcn markalama, sat\u0131\u015f noktas\u0131, perakende, k\u00fc\u00e7\u00fck ofis, nakliye etiketleri ve di\u011fer etiketleme ve etiketleme uygulamalar\u0131 dahil olmak \u00fczere \u00e7ok \u00e7e\u015fitli uygulamalar i\u00e7in her yerde en iyi fiyata idealdir.\n\"><img decoding=\"async\" class=\"media-object\" src=\"https:\/\/cdn.ready-market.com\/106\/39e983bd\/\/Templates\/pic\/BLP-300_04.jpg?v=5bf5594e\" alt=\"Uygun Fiyatl\u0131l\u0131\u011f\u0131n M\u00fckemmel Bir Kombinasyonu\" \/><\/a><\/div>\n<div class=\"media-body\">\n<h5 class=\"media-heading\">Uygun Fiyatl\u0131l\u0131\u011f\u0131n M\u00fckemmel Bir Kombinasyonu<\/h5>\n<p>BLP-300, uygun fiyatla dayan\u0131kl\u0131 ve g\u00fcvenilir tasar\u0131m\u0131n m\u00fckemmel bir birle\u015fimidir. Uygun fiyatl\u0131d\u0131r ve USB 2.0 kullanarak temel etiket yazd\u0131rma ihtiya\u00e7lar\u0131n\u0131n \u00e7o\u011fu i\u00e7in ihtiyac\u0131n\u0131z olan \u00f6zelli\u011fe sahiptir. E\u015fi benzeri olmayan bir maliyetle BLP-300, saniyede 2~5 in\u00e7&#8217;e varan bask\u0131 h\u0131zlar\u0131yla in\u00e7 ba\u015f\u0131na 203 nokta bask\u0131 \u00e7\u00f6z\u00fcn\u00fcrl\u00fc\u011f\u00fc sunar. Do\u011frudan termal yaz\u0131c\u0131 BLP-300, \u00fcr\u00fcn markalama, sat\u0131\u015f noktas\u0131, perakende, k\u00fc\u00e7\u00fck ofis, nakliye etiketleri ve di\u011fer etiketleme ve etiketleme uygulamalar\u0131 dahil olmak \u00fczere \u00e7ok \u00e7e\u015fitli uygulamalar i\u00e7in her yerde en iyi fiyata idealdir.<\/p>\n<\/div>\n<\/div>\n<div class=\"media\">\n<div class=\"media-body\">\n<h5 class=\"media-heading\">5 In\u00e7\/Sn Bask\u0131 H\u0131z\u0131<\/h5>\n<\/div>\n<div class=\"media-bottom\"><a href=\"https:\/\/cdn.ready-market.com\/106\/39e983bd\/\/Templates\/pic\/BLP-300_05.jpg?v=5bf5594e\" rel=\"media_4_0\" data-options=\"smartRecognition: true\" data-title=\"5 in\u00e7\/sn Bask\u0131 H\u0131z\u0131\" data-caption=\"\"><img decoding=\"async\" class=\"media-object\" src=\"https:\/\/cdn.ready-market.com\/106\/39e983bd\/\/Templates\/pic\/BLP-300_05.jpg?v=5bf5594e\" alt=\"5 in\u00e7\/sn Bask\u0131 H\u0131z\u0131\" \/><\/a><\/div>\n<\/div>\n","protected":false},"excerpt":{"rendered":"<h3 class=\"unf-sell-sub-title\">Tysso BLP-300 Barkod Etiket Yaz\u0131c\u0131<\/h3>\n<div class=\"unf-info-desc\">\n<p>Temel Do\u011frudan Bask\u0131 Teknolojisi<\/p>\n<p>Perakende ve Ofis Bask\u0131lar\u0131na Uygun \u015e\u0131k Tasar\u0131m<\/p>\n<p>Bask\u0131 H\u0131z\u0131:2-5 in\u00e7\/sn<\/p>\n<p>Etiket Geni\u015fli\u011fi:25-82 mm<\/p>\n<p>Aray\u00fcz:USB<\/p>\n<p>B\u00fcy\u00fck Ka\u011f\u0131t Rulo Kapasitesi<\/p>\n<p>Basit \u0130\u015flem Tasar\u0131m\u0131<\/p>\n<p>A\u015f\u0131r\u0131 Is\u0131nma Durdurma Korumas\u0131<\/p>\n<p>\u0130\u015f Sesli Uyar\u0131 Bildirimini Yazd\u0131r<\/p>\n<h2 title=\"80mm Termal Direkt 1D ve 2D Barkod Etiket Yaz\u0131c\u0131s\u0131\">80mm Termal Direkt 1D Ve 2D Barkod Etiket Yaz\u0131c\u0131s\u0131<\/h2>\n<p>&nbsp;<\/p>\n<\/div>\n","protected":false},"featured_media":1304,"comment_status":"closed","ping_status":"closed","template":"","meta":[],"_links":{"self":[{"href":"https:\/\/www.veribilgisayar.com\/web\/wp-json\/wp\/v2\/product\/1302"}],"collection":[{"href":"https:\/\/www.veribilgisayar.com\/web\/wp-json\/wp\/v2\/product"}],"about":[{"href":"https:\/\/www.veribilgisayar.com\/web\/wp-json\/wp\/v2\/types\/product"}],"replies":[{"embeddable":true,"href":"https:\/\/www.veribilgisayar.com\/web\/wp-json\/wp\/v2\/comments?post=1302"}],"wp:featuredmedia":[{"embeddable":true,"href":"https:\/\/www.veribilgisayar.com\/web\/wp-json\/wp\/v2\/media\/1304"}],"wp:attachment":[{"href":"https:\/\/www.veribilgisayar.com\/web\/wp-json\/wp\/v2\/media?parent=1302"}],"curies":[{"name":"wp","href":"https:\/\/api.w.org\/{rel}","templated":true}]}}