{"id":1237,"date":"2021-02-28T13:53:53","date_gmt":"2021-02-28T13:53:53","guid":{"rendered":"http:\/\/veribilgisayar.com\/web\/?post_type=product&#038;p=1237"},"modified":"2021-02-28T13:53:53","modified_gmt":"2021-02-28T13:53:53","slug":"alo-taksi-yazilimi","status":"publish","type":"product","link":"https:\/\/www.veribilgisayar.com\/web\/urun\/alo-taksi-yazilimi\/","title":{"rendered":"ALO TAKS\u0130 YAZILIMI"},"content":{"rendered":"<h5>ALO TAKSI NELER YAPAR?<\/h5>\n<table>\n<tbody>\n<tr>\n<td><img decoding=\"async\" loading=\"lazy\" class=\"alignnone size-full wp-image-1238\" src=\"http:\/\/veribilgisayar.com\/web\/wp-content\/uploads\/2021\/02\/alotaksi-logo.jpg\" alt=\"\" width=\"300\" height=\"225\" \/><\/td>\n<td>\n<ul>\n<li><i class=\"fas fa-check\"><\/i>Arac\u0131n gitti\u011fi M\u00dc\u015eTER\u0130 ve ADRES bilgisini kaydeder,<\/li>\n<li>Bir plakaya vardiya durumuna g\u00f6re \u015fof\u00f6r tan\u0131mlamas\u0131n\u0131 yapar,<\/li>\n<li>Gelen m\u00fc\u015fteri aramalar\u0131n\u0131 bo\u015f taksiye atama yapar,<\/li>\n<li>Arayan numaralar\u0131 kaydeder, m\u00fc\u015fteri ve adres karma\u015fas\u0131na son verir,<\/li>\n<li>Telefon numaras\u0131n\u0131 m\u00fc\u015fteriyle e\u015fle\u015ftirerek do\u011fru m\u00fc\u015fteri do\u011fru adres kontrol\u00fc sa\u011flar,<\/li>\n<li>M\u00fc\u015fteri Kay\u0131tlar\u0131na Sa\u011fl\u0131kl\u0131 \u015fekilde ula\u015f\u0131m\u0131n\u0131 sa\u011flar,<\/li>\n<li>Adres kayd\u0131nda GOOGLE\u2019dan sorgulamaya yapar,<\/li>\n<li>T\u00fcm Raporlar\u0131 EXCEL\u2019e g\u00f6nderir,<\/li>\n<\/ul>\n<\/td>\n<\/tr>\n<\/tbody>\n<\/table>\n","protected":false},"excerpt":{"rendered":"<h4>Alo Taksi Nedir?<\/h4>\n<p>Taksi Plaka\/\u015eof\u00f6r e\u015fle\u015fmesini yapar.<br \/>\nDolu ve Bo\u015f Ara\u00e7\/\u015eof\u00f6r bilgisiyle M\u00fc\u015fteriye h\u0131zl\u0131 ula\u015f\u0131m\u0131 sa\u011flar.<br \/>\nM\u00fc\u015fteriye Giden Ara\u00e7\/\u015eof\u00f6r bilgisini raporlar.<br \/>\nTelefon me\u015fgulken gelen t\u00fcm aramalar\u0131 kaydeder.<\/p>\n[waorder phone=\"905557141829\" button=\"WhatsApp ile hemen bilgi al\" message=\"Merhaba, Alo Taksi hakk\u0131nda bilgi almak istiyorum\" target=\"yes\"]\n","protected":false},"featured_media":1238,"comment_status":"closed","ping_status":"closed","template":"","meta":[],"_links":{"self":[{"href":"https:\/\/www.veribilgisayar.com\/web\/wp-json\/wp\/v2\/product\/1237"}],"collection":[{"href":"https:\/\/www.veribilgisayar.com\/web\/wp-json\/wp\/v2\/product"}],"about":[{"href":"https:\/\/www.veribilgisayar.com\/web\/wp-json\/wp\/v2\/types\/product"}],"replies":[{"embeddable":true,"href":"https:\/\/www.veribilgisayar.com\/web\/wp-json\/wp\/v2\/comments?post=1237"}],"wp:featuredmedia":[{"embeddable":true,"href":"https:\/\/www.veribilgisayar.com\/web\/wp-json\/wp\/v2\/media\/1238"}],"wp:attachment":[{"href":"https:\/\/www.veribilgisayar.com\/web\/wp-json\/wp\/v2\/media?parent=1237"}],"curies":[{"name":"wp","href":"https:\/\/api.w.org\/{rel}","templated":true}]}}