{"id":1222,"date":"2021-02-27T13:20:54","date_gmt":"2021-02-27T13:20:54","guid":{"rendered":"http:\/\/veribilgisayar.com\/web\/?post_type=product&#038;p=1222"},"modified":"2021-02-27T13:21:40","modified_gmt":"2021-02-27T13:21:40","slug":"cas-cl-5200-barkodlu-terazi-15-kg-30-kg","status":"publish","type":"product","link":"https:\/\/www.veribilgisayar.com\/web\/urun\/cas-cl-5200-barkodlu-terazi-15-kg-30-kg\/","title":{"rendered":"CAS CL 5200 BARKODLU TERAZ\u0130 15 KG \/ 30 KG"},"content":{"rendered":"<p>Kullan\u0131m alan\u0131<br \/>\nFiyat etiketleme\/\u00d6n paketleme<br \/>\nTezgah kullan\u0131m\u0131<\/p>\n<p>\u2022 Uzaktan g\u00fcncelleme fonksiyonu<\/p>\n<p>Standart : 10.000 PLU haf\u0131zas\u0131<br \/>\n\u00dcr\u00fcn ismi<br \/>\nYaz\u0131c\u0131 : Etiket &amp; Fi\u015f modu<br \/>\nEtiket Boyutlar\u0131:<br \/>\nGeni\u015flik: 40 mm ~ 60 mm<br \/>\nUzunluk: 30 mm ~ 120 mm<br \/>\nY\u00fcksek h\u0131zl\u0131 yaz\u0131c\u0131 (100mm\/sn)<br \/>\nEtiket format\u0131 : 45 adet \u00a0(Sabit Etiket Format\u0131)<br \/>\n20 adet \u00a0(Serbest Etiket Format\u0131)<br \/>\nBarkod \u00e7e\u015fitleri ; EAN13, EAN 13A5, EAN 8,I2OF5<br \/>\nUPCA,UPC13,CODE39,CODE 93,CODE128,CODABAR.<br \/>\nRaporlama: X1\/X2, Z1\/Z2, Terazi, PLU, PLU Baz\u0131nda, Grup, K\u0131s\u0131m, Saatlik ve Tezgahtar raporu<br \/>\nKolayl\u0131kla par\u00e7a de\u011fi\u015fim imkan\u0131.<\/p>\n<p>SE\u00c7ENEKLER<br \/>\nNetwork :USB, TCP\/IP,RS-232 ,PS\/2 (Barkod Okuyucu Klavye),<br \/>\nOpsiyonel: Wireless LAN, Para \u00c7ekmecesi Ba\u011flant\u0131lar\u0131 &#8211; CAS BP-DT 4 Ek yaz\u0131c\u0131 ile geni\u015flik 100 mm&#8217;ye kadar etiket \u00e7\u0131karabilme.<\/p>\n","protected":false},"excerpt":{"rendered":"<p>CL5200 Barkodlu Terazi fi\u015f ve etiketli modda kullanma \u00f6zelli\u011fi bulunmaktad\u0131r. \u00a0S\u00fcpermarketler, zincir ma\u011fazalar, \u015fark\u00fcteriler, kuruyemi\u015fler, manavlar, vb. i\u00e7in uygundur. Faaliyet alan\u0131n\u0131za g\u00f6re 15 kg veya 30 kg tart\u0131m kapasitesini se\u00e7ebilirsiniz. Tezgahtar sat\u0131\u015f\u0131, fiyat etiketleme ve tezgah \u00fcst\u00fc terazi. CAS CL 5200 serisi \u00fcr\u00fcn teknoloji olarak \u00e7e\u015fitli uygulamalar\u0131yla etkileyicidir. Tezgahtar sat\u0131\u015f\u0131 i\u00e7in profosyonel kullan\u0131m sa\u011flamaktad\u0131r. Tezgah terazisi size modern \u015fark\u00fcteri tezgah\u0131 i\u00e7in i\u015flevler sunar: Mallar\u0131n\u0131z\u0131 tartabilir, etiketleyebilir, m\u00fc\u015fterileri bilgilendirebilirsiniz.<\/p>\n<p>Y\u00fcksek performans sunar. \u00a0Terazinin ergonomik tasar\u0131m\u0131ndan yararlan\u0131n, kolay ka\u011f\u0131t de\u011fi\u015fimi. A\u015f\u0131nan par\u00e7alar\u0131 neredeyse aletsiz olarak de\u011fi\u015ftirin.<br \/>\n[waorder phone=\"905557141829\" button=\"WhatsApp Sipari\u015f\" message=\"Merhaba, Cas cl5200 barkodlu terazi hakk\u0131nda bilgi alabilir miyim?\" target=\"yes\"]<\/p>\n","protected":false},"featured_media":1223,"comment_status":"closed","ping_status":"closed","template":"","meta":[],"_links":{"self":[{"href":"https:\/\/www.veribilgisayar.com\/web\/wp-json\/wp\/v2\/product\/1222"}],"collection":[{"href":"https:\/\/www.veribilgisayar.com\/web\/wp-json\/wp\/v2\/product"}],"about":[{"href":"https:\/\/www.veribilgisayar.com\/web\/wp-json\/wp\/v2\/types\/product"}],"replies":[{"embeddable":true,"href":"https:\/\/www.veribilgisayar.com\/web\/wp-json\/wp\/v2\/comments?post=1222"}],"wp:featuredmedia":[{"embeddable":true,"href":"https:\/\/www.veribilgisayar.com\/web\/wp-json\/wp\/v2\/media\/1223"}],"wp:attachment":[{"href":"https:\/\/www.veribilgisayar.com\/web\/wp-json\/wp\/v2\/media?parent=1222"}],"curies":[{"name":"wp","href":"https:\/\/api.w.org\/{rel}","templated":true}]}}