{"id":240,"date":"2016-03-22T12:36:19","date_gmt":"2016-03-22T12:36:19","guid":{"rendered":"http:\/\/veribilgisayar.com\/web\/?page_id=240"},"modified":"2019-02-27T13:11:22","modified_gmt":"2019-02-27T13:11:22","slug":"diger-sektor-uygulamalari","status":"publish","type":"page","link":"https:\/\/www.veribilgisayar.com\/web\/diger-sektor-uygulamalari\/","title":{"rendered":"Di\u011fer Sekt\u00f6r Uygulamalar\u0131"},"content":{"rendered":"<p>Ticari yaz\u0131l\u0131mlar kullan\u0131lan firmalar\u0131n en \u00f6nemli kilometre ta\u015flar\u0131ndan birisi haline gelmi\u015flerdir. T\u00fcrkiye\u2019de ve D\u00fcnya\u2019da milyonlarca firma g\u00fcnl\u00fck i\u015flemlerini ticari yaz\u0131l\u0131mlar kullanarak yerine getirmektedir. Firmalar\u0131n b\u00fct\u00fcn kay\u0131tlar\u0131n\u0131n tutuldu\u011fu (alacak verecek v.b) ticari yaz\u0131l\u0131mlar\u2019da do\u011fru se\u00e7imi yapmak firma sahibinin vermesi gereken en \u00f6nemli kararlardan birisidir.Birlikte \u00e7\u0131k\u0131lacak uzun bir yolculukta ba\u015f\u0131n\u0131za gelebilecek en k\u00f6t\u00fc \u015fey; gerekti\u011finde yaz\u0131l\u0131m firmas\u0131ndan destek alamaman\u0131z veya ula\u015famaman\u0131z. Bizler Vega Bilgisayar A.\u015e olarak 28 y\u0131l ve Vega Yaz\u0131l\u0131m olarak 25 y\u0131ld\u0131r T\u00fcrkiyede faaliyet g\u00f6steren firmalara \u00e7\u00f6z\u00fcmler \u00fcretmekteyiz. \u015eu ana kadar gerek \u00f6zel proje gerekse ticari yaz\u0131l\u0131m olarak bir\u00e7ok sekt\u00f6re \u00e7\u00f6z\u00fcmler sunmaktay\u0131z.<\/p>\n<ul>\n<li>Tar\u0131m &amp; Hayvanc\u0131l\u0131k<\/li>\n<li>Saat &amp; Aksesuar<\/li>\n<li>Kozmetik<\/li>\n<li>Ev tekstil &amp; Z\u00fcccaciye<\/li>\n<li>Kitap K\u0131rtasiye &amp; Yay\u0131n Evi<\/li>\n<li>\u0130n\u015faat ve Yap\u0131 Store<\/li>\n<\/ul>\n<p>gibi sekt\u00f6rler i\u00e7in geli\u015ftirdi\u011fimiz \u00e7\u00f6z\u00fcmlerimiz bir\u00e7ok firma taraf\u0131ndan kullan\u0131lmaktad\u0131r. Bu sekt\u00f6rlerle ilgili daha fazla bilgi almak i\u00e7in l\u00fctfen Ankara Merkez Ofisimiz ile temasa ge\u00e7iniz.<\/p>\n","protected":false},"excerpt":{"rendered":"<p>Ticari yaz\u0131l\u0131mlar kullan\u0131lan firmalar\u0131n en \u00f6nemli kilometre ta\u015flar\u0131ndan birisi haline gelmi\u015flerdir. T\u00fcrkiye\u2019de ve D\u00fcnya\u2019da milyonlarca firma g\u00fcnl\u00fck i\u015flemlerini ticari yaz\u0131l\u0131mlar kullanarak yerine getirmektedir. Firmalar\u0131n b\u00fct\u00fcn kay\u0131tlar\u0131n\u0131n tutuldu\u011fu (alacak verecek v.b) ticari yaz\u0131l\u0131mlar\u2019da do\u011fru se\u00e7imi yapmak&#8230;<\/p>\n","protected":false},"author":1,"featured_media":525,"parent":0,"menu_order":0,"comment_status":"closed","ping_status":"closed","template":"","meta":[],"_links":{"self":[{"href":"https:\/\/www.veribilgisayar.com\/web\/wp-json\/wp\/v2\/pages\/240"}],"collection":[{"href":"https:\/\/www.veribilgisayar.com\/web\/wp-json\/wp\/v2\/pages"}],"about":[{"href":"https:\/\/www.veribilgisayar.com\/web\/wp-json\/wp\/v2\/types\/page"}],"author":[{"embeddable":true,"href":"https:\/\/www.veribilgisayar.com\/web\/wp-json\/wp\/v2\/users\/1"}],"replies":[{"embeddable":true,"href":"https:\/\/www.veribilgisayar.com\/web\/wp-json\/wp\/v2\/comments?post=240"}],"version-history":[{"count":1,"href":"https:\/\/www.veribilgisayar.com\/web\/wp-json\/wp\/v2\/pages\/240\/revisions"}],"predecessor-version":[{"id":241,"href":"https:\/\/www.veribilgisayar.com\/web\/wp-json\/wp\/v2\/pages\/240\/revisions\/241"}],"wp:featuredmedia":[{"embeddable":true,"href":"https:\/\/www.veribilgisayar.com\/web\/wp-json\/wp\/v2\/media\/525"}],"wp:attachment":[{"href":"https:\/\/www.veribilgisayar.com\/web\/wp-json\/wp\/v2\/media?parent=240"}],"curies":[{"name":"wp","href":"https:\/\/api.w.org\/{rel}","templated":true}]}}