{"id":232,"date":"2016-03-22T12:25:52","date_gmt":"2016-03-22T12:25:52","guid":{"rendered":"http:\/\/veribilgisayar.com\/web\/?page_id=232"},"modified":"2016-06-03T12:51:50","modified_gmt":"2016-06-03T12:51:50","slug":"restaurant-sektoru-cozumleri","status":"publish","type":"page","link":"https:\/\/www.veribilgisayar.com\/web\/restaurant-sektoru-cozumleri\/","title":{"rendered":"Restaurant Sekt\u00f6r\u00fc \u00c7\u00f6z\u00fcmleri"},"content":{"rendered":"<h1>Restaurant ve Lokantalar<br \/>\nKafe ve Barlar<br \/>\nPastaneler<br \/>\nFast Foodlar<br \/>\nOtoyol Dinlenme Tesisleri<\/h1>\n<p><img decoding=\"async\" loading=\"lazy\" title=\"yeldivider\" src=\"http:\/\/www.vegayazilim.com.tr\/wp-content\/uploads\/2012\/08\/yeldivider.png\" alt=\"Vega Yaz\u0131l\u0131m Muhasebe Program\u0131\" width=\"281\" height=\"9\" \/><\/p>\n<p>Vega Yaz\u0131l\u0131m 2000\u2032li y\u0131llar\u0131n ba\u015f\u0131nda Restoran ve Catering sekt\u00f6r\u00fc ile ilgili \u00e7al\u0131\u015fmalar\u0131na ba\u015flam\u0131\u015ft\u0131r ve ilk yaz\u0131l\u0131m\u0131n\u0131 2002\u2032de piyasaya s\u00fcrm\u00fc\u015ft\u00fcr. B\u00fcy\u00fck bir ba\u015far\u0131 g\u00f6steren ilk versiyondan sonra yeni bir versiyon olan \u015eef\u2019IM\u2019i piyasaya s\u00fcrm\u00fc\u015ft\u00fcr. \u015eef\u2019im de olan yeni bir \u00e7ok \u00f6zellik ve kullan\u0131m kolayl\u0131\u011f\u0131 Firmalar\u0131n di\u011fer kullanm\u0131\u015f olduklar\u0131 yaz\u0131l\u0131mlar\u0131 b\u0131rakarak \u015eef\u2019IM e ge\u00e7melerine sebep olmu\u015ftur.<\/p>\n<p>Vega Yaz\u0131l\u0131m \u015eef\u2019IM program\u0131 ile yiyecek ve i\u00e7ecek \u00fcretim ve sat\u0131\u015f\u0131 yapan firmalar\u0131n t\u00fcm sorunlar\u0131na \u00e7\u00f6z\u00fcm sa\u011flamaktad\u0131r. \u00dcretim safhas\u0131ndan m\u00fc\u015fteri masalar\u0131na kadar, \u00fcretim re\u00e7etelerinden zayiata kadar her t\u00fcrl\u00fc bilgiye ula\u015fabilir ve gerekli ayarlamalar yapabilirsiniz.<\/p>\n<p>Bu sekt\u00f6rde faaliyet g\u00f6steren firmalar\u0131n ortak talepleri do\u011frultusunda haz\u0131rlanan Sef\u2019IM\u2019de;<\/p>\n<div class=\"ezcol ezcol-one-half\">\n<div>\n<ul>\n<li>Masa, Paket Servis, M\u00fc\u015fteri Adisyonu takibi<\/li>\n<li>Barkodlu ve Gramajl\u0131 \u00fcr\u00fcnleri satabilir<\/li>\n<li>Yazarkasa ile entegre \u00e7al\u0131\u015fabilir<\/li>\n<li>Digital LED Pano kullanarak m\u00fc\u015fteri s\u0131ra numaras\u0131 takibi yapabilir<\/li>\n<li>Stok seviyesi takibi yaparbilir,<\/li>\n<li>Sipari\u015f an\u0131nda porsiyon envanter takibi yapabilir,<\/li>\n<li>FastFood tarz\u0131 \u00e7al\u0131\u015fan i\u015fletmelerde \u201cMarka\u201d fi\u015fi d\u00fczenleyebilir,<\/li>\n<li>Nakit, Kredi Kart\u0131, Yemek Fi\u015fi gibi \u00f6deme ara\u00e7lar\u0131yla hesap alabilir bunlar\u0131n ayr\u0131 ayr\u0131 raporlar\u0131n\u0131 tutabilir,<\/li>\n<li>Mutfak, Bar, Haz\u0131rlama Kontrolleri yapabilir,<\/li>\n<li>Hesap pusulas\u0131n\u0131n ve mutfak listesinin \u00f6zet yazd\u0131r\u0131lmas\u0131n\u0131 yapabilir,<\/li>\n<li>Resmi adisyon yazd\u0131rabilir,<\/li>\n<li>Resmi adisyon yaz\u0131lm\u0131\u015f olanlar\u0131 ve yaz\u0131lmam\u0131\u015f olan \u00fcr\u00fcnlerin takibini yapabilir,<\/li>\n<li>Paket Servisi, m\u00fc\u015fteri takibi yapar, Caller ID yi destekler,<\/li>\n<li>Paket serviste al\u0131nmayan \u00fccretlerin a\u00e7\u0131k hesapta takibini sa\u011flar,<\/li>\n<li>Yemek Sepeti ile kordineli \u00e7al\u0131\u015f\u0131r. Yemek Sepetinden gelen sipari\u015fleri \u015eef\u2019im paket servisine aktar\u0131r,<\/li>\n<li>G\u00fcnl\u00fck Kasa i\u015flemlerini tutabilir (Giri\u015f-\u00c7\u0131k\u0131\u015f),<\/li>\n<li>M\u00fc\u015fteri Kart\u0131 Uygulamalar\u0131 Yapabilir M\u00fc\u015fteri Kart\u0131 kullanan m\u00fc\u015fterinin nezaman geldi\u011fi ne sipari\u015f verdi\u011fi ve ne kadar iskonto kulland\u0131\u011f\u0131n\u0131 g\u00f6rebilir,<\/li>\n<li>Yap\u0131lan \u0130skontolarda,\u0130kramlarda,\u0130ptallerde sebeplerini g\u00f6rebilir,<\/li>\n<li>Mutfa\u011fa Bilgi mesajlar\u0131 g\u00f6nderebilir<\/li>\n<li>Restorant \u0131n o anki durumunu Otomatik Bilgilendirme Mailleri Yollayarak\u00a0 servis durumunu kasa durumunu vs. izleyebilir \u00a0\u201cG\u00fcn\u00fcn istenen saatlerinde\u201d,<\/li>\n<li>Para \u00fcst\u00fc hesaplayabilir,<\/li>\n<li>Eski Pusulalar\u0131n\u0131z\u0131 tek tu\u015f ile ulasabilirsiniz,<\/li>\n<li>Happy Hour uygulamalar\u0131 Ger\u00e7ekle\u015ftirebilir,<\/li>\n<li>G\u00fcn sonu raporu ile tek bir sayfada, g\u00fcn i\u00e7indeki b\u00fct\u00fcn aktiviteleri raporlayabilir,<\/li>\n<li>Farkl\u0131 ama\u00e7lar i\u00e7in tasarlanm\u0131\u015f i\u015flevsel raporlar al\u0131nabilir,<\/li>\n<li>Ki\u015fi Say\u0131s\u0131n\u0131 destekler (Kad\u0131n,Erkek,\u00c7ocuk vs.) ayr\u0131 ayr\u0131 raporlar\u0131n\u0131 g\u00f6r\u00fcr,<\/li>\n<li>A\u00e7\u0131k Hesap \u00c7al\u0131\u015fabilir Ac\u0131k hesap \u00e7al\u0131\u015fan m\u00fc\u015fterilerin b\u00fct\u00fcn bilgilerini takip edebilir(Raporlar),<\/li>\n<li>A\u00e7\u0131k hesap \u00e7al\u0131\u015f\u0131lan m\u00fc\u015fterilerin indirim iste\u011fine cevap verebilir(Mutabakat),<\/li>\n<li>\u00dcretim kontrolu yapabilir (Gerekli veriye ula\u015ft\u0131ktan sonra hafta boyunca gelen sipari\u015flere g\u00f6re istatistik tutabilir,<\/li>\n<li>Hammedde\u00a0 sarfiyat raporu alabilir,<\/li>\n<li>Kullan\u0131c\u0131lar\u0131 aras\u0131nda yetkilendirme yap\u0131labilir,<\/li>\n<li>Yetki dahilinde iskonto, ikram, kuver i\u015flemleri yapabilirsiniz.<\/li>\n<\/ul>\n<\/div>\n<\/div>\n<div class=\"ezcol ezcol-one-half ezcol-last\">\n<p>&nbsp;<\/p>\n<p><img decoding=\"async\" loading=\"lazy\" class=\" wp-image-1859 aligncenter\" title=\"rest\" src=\"http:\/\/www.vegayazilim.com.tr\/wp-content\/uploads\/2012\/08\/rest-300x240.jpg\" alt=\"Vega Yaz\u0131l\u0131m Muhasebe Program\u0131\" width=\"300\" height=\"240\" \/><\/p>\n<p>Daha fazla bilgi almak i\u00e7in<span class=\"Apple-converted-space\">\u00a0<\/span><em><strong><a title=\"\u015eef\u2019IM\" href=\"http:\/\/veribilgisayar.com\/web\/urun\/sefim-restaurant-otomasyonu\/\">Sef\u2019IM<\/a><\/strong><\/em><span class=\"Apple-converted-space\">\u00a0<\/span>sayfas\u0131n\u0131 ziyaret ediniz.<\/p>\n<\/div>\n<div class=\"ezcol-divider\"><\/div>\n<div class=\"woo-social-buttons\"><span class=\"vivawsb_facebook hcount fb-share-button\" data-href=\"https:\/\/www.veribilgisayar.com\/web\/restaurant-sektoru-cozumleri\/\" data-layout=\"button_count\"><\/span><span class=\"vivawsb_twitter hcount\"><a href=\"https:\/\/twitter.com\/share\" class=\"twitter-share-button\" data-count=\"horizontal\">Tweet<\/a><\/span><span class=\"vivawsb_googleplus hcount\"><span class=\"g-plus\" data-action=\"share\" data-annotation=\"bubble\" data-href=\"https:\/\/www.veribilgisayar.com\/web\/restaurant-sektoru-cozumleri\/\"><\/span><\/span><span class=\"vivawsb_pinterest hcount\"><a href=\"\/\/gb.pinterest.com\/pin\/create\/button\/\" data-pin-do=\"buttonBookmark\"  data-pin-config=\"beside\" data-pin-color=\"red\" >\r\n\t\t\t               <img src=\"\/\/assets.pinterest.com\/images\/pidgets\/pinit_fg_en_rect_red_20.png\" \/><\/a><script type=\"text\/javascript\" async defer src=\"\/\/assets.pinterest.com\/js\/pinit.js\"><\/script><\/span><span class=\"vivawsb_linkedin hcount\"><script src=\"\/\/platform.linkedin.com\/in.js\" type=\"text\/javascript\"> lang: en_US<\/script><script type=\"IN\/Share\" data-counter=\"right\"><\/script><\/span><span class=\"vivawsb_email hcount\"><a href=\"mailto:?subject=Restaurant Sekt\u00f6r\u00fc \u00c7\u00f6z\u00fcmleri&amp;body=I%20saw%20this%20and%20thought%20of%20you!%20 https:\/\/www.veribilgisayar.com\/web\/restaurant-sektoru-cozumleri\/\"><img src=\"https:\/\/www.veribilgisayar.com\/web\/wp-content\/plugins\/woocommerce-social-buttons\/images\/email-share-button.png\" alt=\"Email\" \/><\/a><\/span><div style=\"clear:both\"><\/div><\/div>\n","protected":false},"excerpt":{"rendered":"<p>Restaurant ve Lokantalar Kafe ve Barlar Pastaneler Fast Foodlar Otoyol Dinlenme Tesisleri Vega Yaz\u0131l\u0131m 2000\u2032li y\u0131llar\u0131n ba\u015f\u0131nda Restoran ve Catering sekt\u00f6r\u00fc ile ilgili \u00e7al\u0131\u015fmalar\u0131na ba\u015flam\u0131\u015ft\u0131r ve ilk yaz\u0131l\u0131m\u0131n\u0131 2002\u2032de piyasaya s\u00fcrm\u00fc\u015ft\u00fcr. B\u00fcy\u00fck bir ba\u015far\u0131 g\u00f6steren&#8230;<\/p>\n","protected":false},"author":1,"featured_media":0,"parent":0,"menu_order":0,"comment_status":"closed","ping_status":"closed","template":"","meta":[],"_links":{"self":[{"href":"https:\/\/www.veribilgisayar.com\/web\/wp-json\/wp\/v2\/pages\/232"}],"collection":[{"href":"https:\/\/www.veribilgisayar.com\/web\/wp-json\/wp\/v2\/pages"}],"about":[{"href":"https:\/\/www.veribilgisayar.com\/web\/wp-json\/wp\/v2\/types\/page"}],"author":[{"embeddable":true,"href":"https:\/\/www.veribilgisayar.com\/web\/wp-json\/wp\/v2\/users\/1"}],"replies":[{"embeddable":true,"href":"https:\/\/www.veribilgisayar.com\/web\/wp-json\/wp\/v2\/comments?post=232"}],"version-history":[{"count":5,"href":"https:\/\/www.veribilgisayar.com\/web\/wp-json\/wp\/v2\/pages\/232\/revisions"}],"predecessor-version":[{"id":295,"href":"https:\/\/www.veribilgisayar.com\/web\/wp-json\/wp\/v2\/pages\/232\/revisions\/295"}],"wp:attachment":[{"href":"https:\/\/www.veribilgisayar.com\/web\/wp-json\/wp\/v2\/media?parent=232"}],"curies":[{"name":"wp","href":"https:\/\/api.w.org\/{rel}","templated":true}]}}